17
Let j = 11 - 9. Suppose j*i = -i + 69. Let m = -1 + 7. What is the remainder when i is divided by m?
5
Let s = -1577 + 1837. What is the remainder when s is divided by 15?
5
Let t(q) be the second derivative of q**4/6 - q**3/6 + 3*q**2/2 - 30*q. What is the remainder when t(-3) is divided by 14?
10
Suppose 66*x - 85*x + 76 = 0. Calculate the remainder when 27 is divided by x.
3
Suppose 2*o + 4*z + 1 = -15, 0 = 3*o - z + 10. Let w(i) = -6*i - 6. What is the remainder when 24 is divided by w(o)?
6
Let o = 300 - 183. Calculate the remainder when o is divided by 16.
5
Suppose -o - 58 = -4*p - 6, -4*p + 52 = -3*o. Let a = -4 - 0. What is the remainder when p is divided by a/3*(-5 - 1)?
5
Suppose 39*r + 78 - 429 = 0. Calculate the remainder when 44 is divided by r.
8
Let y(d) = -12*d - 38. What is the remainder when y(-10) is divided by 21?
19
Suppose 4*m = -11*m + 1935. What is the remainder when m is divided by 44?
41
Suppose -h - 1 = -12. Let j = h + -6. Suppose 0 = 4*i - 0*i - j*n - 42, 19 = i + 3*n. Calculate the remainder when 49 is divided by i.
10
Let i(g) = g - 1. Let k(d) = d. Let x(m) = -4*i(m) + 3*k(m). Calculate the remainder when 12 is divided by x(-3).
5
Suppose 7*p - 8*p = -28. Let v = 180 - 42. Calculate the remainder when v is divided by p.
26
Let u(w) = 9*w**2 + 2*w + 1. Let y be u(-1). Suppose 11*b - y*b - 258 = 0. What is the remainder when b is divided by 29?
28
Let v(a) = 351*a**2 + 6*a + 5. Calculate the remainder when v(-1) is divided by 13.
12
Let w(u) = -3*u**3 + 4*u + 1. What is the remainder when w(-3) is divided by 26?
18
Let v = -59 - -64. Calculate the remainder when 34 is divided by (2 + -4 + v)*(5 - -1).
16
Let p(r) = -r**3 + 15*r**2 + 49*r - 14. Calculate the remainder when p(17) is divided by 49.
45
Let n = -175 + 31. Let i = n - -169. What is the remainder when 94 is divided by i?
19
Let s(d) = 12*d - 16. Suppose -f + 5 + 2 = 0. Let y be s(f). Let v = y + -20. Calculate the remainder when v is divided by 10.
8
Suppose 23*n - 2838 = 865. Calculate the remainder when n is divided by 29.
16
Suppose s + 54 = -11. Let v = 68 + s. What is the remainder when 10 is divided by v?
1
Suppose 35*v - 678 = 41*v. Let a = -108 - v. What is the remainder when 8 is divided by a?
3
Let b be (-1)/1*-3 - 0. Suppose -4*g + 37 = b*w, -5*w - 6*g = -g - 55. Let p = 57 - 31. What is the remainder when p is divided by w?
5
Let p = 2694 - 2199. What is the remainder when p is divided by 83?
80
Let t(f) = -9*f + 39. What is the remainder when t(-6) is divided by 49?
44
Let x(d) = 2*d**3 + d**2 - 4. Let o be x(-2). Calculate the remainder when o/48*(-36)/2 is divided by 2.
0
Suppose 0 = 3*a - 54 - 9. Suppose b = -b + 656. Suppose -3*p = p - b. Calculate the remainder when p is divided by a.
19
Suppose -5*o - 2*y = -232, 2*o + 2*y + 44 = 3*o. Suppose 28*g - 3325 - 511 = 0. What is the remainder when g is divided by o?
45
Let d = -429 + 437. Calculate the remainder when 26 is divided by d.
2
Let b(g) = 22*g + 1. Suppose 38*r - 115 = 33*r. What is the remainder when b(3) is divided by r?
21
Suppose 2*z - 5*v = 5*z - 96, -z - 5*v + 42 = 0. Calculate the remainder when 53 is divided by z.
26
Let a(d) = -d - 1. Let f be a(-6). Suppose -f*w = -3*m - m + 286, w = 4*m - 294. Calculate the remainder when m is divided by 19.
17
What is the remainder when (1 + -171)*182/(-35) is divided by 15?
14
Let i(g) = -35*g + 763. Suppose -23 = 2*r - 91. What is the remainder when i(19) is divided by r?
30
Let u = -33 + 79. What is the remainder when 128 is divided by u?
36
Let s(j) = -15*j - 38. What is the remainder when s(-7) is divided by 19?
10
Let l be 0/(7/((-21)/(-6))). Calculate the remainder when 17 is divided by (-2 + l)*-14*(-1)/(-4).
3
Suppose 0 = -89*x + 92*x - 87. Calculate the remainder when 1476 is divided by x.
26
Let u = 715 + -73. Calculate the remainder when u is divided by 23.
21
Suppose 1190 = 13*b - 3*b. What is the remainder when b is divided by 10?
9
Let u(q) = q**2 + 20*q + 94. Calculate the remainder when u(0) is divided by 58.
36
Let x(t) = -t**3 - 6*t**2 - 10*t + 13. Calculate the remainder when x(-6) is divided by 20.
13
Suppose -3*t + 6234 = 4*a + 486, 4*t = a - 1456. Calculate the remainder when 174 is divided by a/66 - (-2)/11.
20
What is the remainder when 110 is divided by 60/40 - 75/(-6)?
12
Let a be (0 + -2)*(2 - -2)/(-4). Let q = a - -11. Calculate the remainder when q is divided by 7.
6
Suppose -126 = 53*o - 56*o. Suppose 5*u - 3*m - 45 = u, -3*u + 5*m + o = 0. What is the remainder when 0 - (-70)/((-4)/(-2)) is divided by u?
8
Let o = 5 - 3. Let v(s) = 2*s - 117. Let j be v(0). Let r = -115 - j. Calculate the remainder when o is divided by r.
0
Suppose 2 = a + 1, 3*a - 18 = -3*i. Suppose -i*x + 112 = -x. Suppose 0 = 3*p + 2*g - 151, -x = -p + 4*g + 27. What is the remainder when p is divided by 18?
15
Suppose o - 4*j = -3*o - 180, -90 = 2*o + 3*j. Suppose 357 = 4*i + 4*c + c, 5*i + 3*c = 430. Let n = o + i. What is the remainder when n is divided by 10?
8
What is the remainder when 12/18*(32 + 4) is divided by 17?
7
Let d = 150 + 13. What is the remainder when d is divided by 5?
3
Let p = 25 + -15. Suppose 29 = -3*y - 40. Let w = 26 + y. What is the remainder when p is divided by w?
1
Let h be 120 + 4 + 6/(-4 + 1). Suppose 5*k + 17 - h = 0. What is the remainder when k is divided by 6?
3
Suppose 0 = -2*o - 2 + 14. Suppose 5*t - 54 = 4*v, -4*t = -t - 4*v - 26. Calculate the remainder when t is divided by o.
2
Suppose 5*x - 15 = -5*l, -21*x = -18*x - 4*l - 16. Calculate the remainder when 45 is divided by x.
1
What is the remainder when (91/14 + -4)/((-2)/(-28)) is divided by 18?
17
Let k(x) = -3*x - 2. Let j(r) = -13*r - 8. Let v(c) = -2*j(c) + 9*k(c). Let h = -24 - -39. What is the remainder when h is divided by v(-6)?
3
Suppose -10*y + 21*y = 231. Calculate the remainder when 251 is divided by y.
20
Let i(f) = 6*f + 6 - 5*f + 6*f - 1 + 2*f**2. Let c be i(-4). Suppose c*h + 8 = b + 4*h, -3*b + 5*h + 24 = 0. Calculate the remainder when 14 is divided by b.
6
Suppose y + 4 = -2*f + 4*f, -4*y + 4 = -3*f. Suppose k - m - f*m = -7, -k + 17 = m. Calculate the remainder when 37 is divided by k.
11
Suppose -1890 = -5*k + 20*z - 25*z, 1512 = 4*k + 5*z. What is the remainder when k is divided by 38?
36
Let b(l) = 32*l**3 + 14*l**2 - 11*l - 2. What is the remainder when 161 is divided by b(1)?
29
Suppose 0*l + 22*l = -v + 147, 0 = 3*v + 3*l - 189. Let m(s) = s**2 - 2*s. What is the remainder when v is divided by m(5)?
14
Suppose -83*z = -30*z - 13356. What is the remainder when z is divided by 48?
12
Let l(n) = 89*n**3 - 2*n + 3. Calculate the remainder when l(1) is divided by 53.
37
Suppose 0 = 5*p + 4*c - 1916, -p + 7*c = 3*c - 388. What is the remainder when p is divided by 77?
76
Let x(u) = 5*u**3 + 2*u - 1. Let i be x(1). Let l(b) = 1 + 2*b**2 + i - 10*b + 2. What is the remainder when 40 is divided by l(6)?
19
Suppose -2*f - o + 6 = 0, 0*f + 5*o = f - 25. Let j = -22 - -4. Calculate the remainder when (9/2)/(j/(-24)) is divided by f.
1
Let t(w) = -3*w**2 - 14*w + 4. Let n be ((-34)/(-10) - 3)*-10. Calculate the remainder when 21 is divided by t(n).
9
Suppose 11*x - 2254 = 606. What is the remainder when x is divided by 33?
29
Calculate the remainder when (-7)/7*(-3 + -162) is divided by 42.
39
Suppose 28*t - 366 - 1482 = 0. Calculate the remainder when 187 is divided by t.
55
Suppose 7*o - 621 = 1409. What is the remainder when o is divided by 21?
17
Let p(q) = -q + 9. Let b be p(5). Suppose -49 = b*f - 285. Let h = f - -14. What is the remainder when h is divided by 25?
23
Suppose -564 = -13*g - 18. What is the remainder when 754 is divided by g?
40
Let j(m) = m**2 + 3*m - 5. Let y = -7 + 2. Let a be j(y). Let h(s) = s**3 - 5*s**2 + 4*s - 9. Calculate the remainder when 19 is divided by h(a).
8
Calculate the remainder when 22 is divided by (-60)/18*15/(-5).
2
Suppose 58 = 11*j - 173. What is the remainder when 240 is divided by j?
9
Let g = -41 - -45. Suppose -g*o = 4*q - 2*q - 42, 0 = o - 2*q - 8. Calculate the remainder when o is divided by 4.
2
Let g(i) = 31*i - 380. Let x(f) = -13*f - 2. Let q be x(-2). What is the remainder when g(13) is divided by ((-1)/2)/((-2)/q)?
5
Suppose 2*j + 33 = -5*a + 3*j, a - j = -5. Let